se -67 = -3*q + 29. Let x = -2 + 13. Calculate the remainder when q is divided by x.
10
Let j(k) = k**2 + 28*k - 56. Let p = 175 + -98. Suppose -4*s - s = 2*f - p, 2*s - 32 = -2*f. Calculate the remainder when s is divided by j(-30).
3
Let k = 5 + 4. Suppose 3*j + 34 = g - 0*j, k = -3*j. Suppose 0 = -3*n - 5*o + 3, -n + 5*o + g - 4 = 0. What is the remainder when 16 is divided by n?
4
Let t = -5 + 30. Calculate the remainder when t is divided by 9.
7
Let k(g) = -g**3 + g**2 - g + 27. What is the remainder when k(0) is divided by 15?
12
Let o(p) = 3*p**2 + 29*p - 20. Calculate the remainder when o(-13) is divided by 28.
26
Suppose 0 = 3*y + y - 20. Calculate the remainder when 2/(-7) + 58/7 is divided by y.
3
Suppose 5*b - 3*v - 113 = 0, -b + 16 = -4*v - 10. What is the remainder when b is divided by 9?
4
Let t(z) = z**3 - z**2 - z + 13. Suppose 0 = -3*g + s + 72, -5*s - 128 = -5*g + 2. Calculate the remainder when g is divided by t(0).
10
Let z be (-20 - (1 + -2))*-6. Suppose q + z = 4*q. Calculate the remainder when q is divided by 13.
12
Let q = -3 + 6. Suppose 2*k - 2*b = 18, k - 8*b = -q*b + 5. What is the remainder when (-6 - -5) + 1 + 29 is divided by k?
9
Let w(x) = 7*x + 1. What is the remainder when 56 is divided by w(4)?
27
Let f be -3*(4/6 + 0). What is the remainder when 19 is divided by (-38)/(-6) - f/3?
5
Suppose -8 = -4*o - 4*j, -4*o = -3*j - 24 - 19. What is the remainder when 11 is divided by o?
4
Suppose -2*r + 5 = -1. Suppose -5*s + 14 = -g, 0*s + s = -r. Let q = g - -40. What is the remainder when 31 is divided by q?
9
What is the remainder when 186 is divided by ((-135)/6)/15*(-188)/6?
45
Suppose 5*l + 4*g = 72, 0 = 2*l + 5*g + 5 - 27. Let o be 98/6 + (-2)/6. Let a = 29 + o. Calculate the remainder when a is divided by l.
13
Suppose j - 7 - 5 = 0. Suppose -2*i + 3*t = -82, -5*i - t + 35 + 204 = 0. What is the remainder when i is divided by j?
11
Calculate the remainder when 31 is divided by (3/3 - -3 - 3) + 10.
9
Let o(n) = n**2 - 5*n - 7. Suppose 0 = -3*r - 5*u + 25, 2*r + 3*u - 31 = -3*r. Let f = r + 2. What is the remainder when 12 is divided by o(f)?
5
Let b = 53 - 9. What is the remainder when b is divided by 24?
20
Let g = 8 - 4. Suppose -n = -2*j - 13, 0 = 3*n - g*j + 3 - 32. What is the remainder when 4 is divided by n?
1
What is the remainder when (18/15)/(2/20) is divided by 6?
0
Let z(i) = i**2 - 4*i - 1. Let k be z(4). Let n = 2 - k. What is the remainder when -2 + 7 + 0*(-4)/(-8) is divided by n?
2
Let w be 3/(-2)*8/(-6). Suppose 5*b - 4*b = w*p, 5*p - 21 = -b. What is the remainder when 2/(-10) - (-86)/5 is divided by b?
5
Suppose 5*y + 73 = 178. Calculate the remainder when 39 is divided by y.
18
Let s be -3*(1 - 15/9). Suppose s*n + d = 19, 5*n + 2*d - 40 = d. Calculate the remainder when 26 is divided by n.
5
Calculate the remainder when -2 + ((-7)/3)/(7/(-105)) is divided by 6.
3
Suppose -6*w - 12 = -2*l - 2*w, -29 = -3*l - 5*w. Suppose 0 = 2*v + 2*r - 12, 0*r + 2 = -3*v + 2*r. Calculate the remainder when v*(-2 + 19/2) is divided by l.
7
Suppose -t + b = -1, -b - 9 = -4*t + 4. What is the remainder when 38 is divided by t?
2
Let h(f) = -4*f + 4*f - 2*f + 8 + 3*f. Let t(y) = -y**2 - 4*y + 2. What is the remainder when h(-5) is divided by t(-4)?
1
Suppose 0*a = -4*a + 108. Suppose -a = -2*o - o. Calculate the remainder when 35 is divided by o.
8
Let z(f) = -f**3 - 9*f**2 - 9*f - 2. Let x = 25 - 8. What is the remainder when x is divided by z(-8)?
5
Let n(j) = j**2 + j - 20. Calculate the remainder when n(5) is divided by 3.
1
Let h = -5 + 16. What is the remainder when 20 is divided by h?
9
Suppose -17*j + 14*j = -72. Let p(w) = -w**3 + 3*w**2 + 2*w. What is the remainder when p(-2) is divided by (j/(-18))/((-4)/18)?
4
Let l = -76 - -121. Let p = 114 + -102. Calculate the remainder when l is divided by p.
9
Let s be 1 + -2 + 2/2. Suppose s*w - 88 = -2*w - 2*b, w - 5*b = 44. What is the remainder when w is divided by 15?
14
Suppose 0 = z - 2 - 3. Let x = 1 + z. Calculate the remainder when x is divided by 4.
2
Let o(y) = y**2 - y + 1. Calculate the remainder when 90 is divided by o(4).
12
Let l be (-2)/4*(-5 + 11). Let r = 22 + l. What is the remainder when 75 is divided by r?
18
Let k(r) = -7*r + 5. Let g(o) = 6*o - 4. Let u(i) = -4*g(i) - 3*k(i). Let l be u(-1). What is the remainder when 5 is divided by l*(1/(-2) - -1)?
1
Let g(j) = -5*j - 8. Let o = -9 - 3. What is the remainder when g(o) is divided by 11?
8
Suppose -3*m + 42 = -132. Let j(l) = 20*l. What is the remainder when m is divided by j(1)?
18
Suppose 139 - 539 = -10*o. Suppose 2*w + 2*r = 28, 4*w - 3*r - 20 - 15 = 0. Calculate the remainder when o is divided by w.
7
Let i = 0 - -12. Let h be (-4)/(-1)*3/6. Suppose 8 = -m + 2*p + 37, -h*p - 52 = -2*m. What is the remainder when m is divided by i?
11
Let m(n) = -n**3 - 8*n**2 - 2*n - 5. What is the remainder when m(-8) is divided by (-8)/(-12) + (-32)/(-6)?
5
Let r(w) = 7*w + 9. Calculate the remainder when r(8) is divided by 17.
14
Suppose 2*f - 3*q - 18 = -q, -4*f - 5*q = 0. What is the remainder when (-1 + 6/10)*-60 is divided by f?
4
Let b = 56 - 52. Calculate the remainder when 16 is divided by b.
0
Let h = -1 + 11. Let y(q) = -q**3 + 6*q**2 - 3*q - 7. What is the remainder when h is divided by y(5)?
1
Let p = 200 + -67. What is the remainder when p is divided by 15?
13
Suppose -5*f + 83 = 18. What is the remainder when 50 is divided by f?
11
Let l(t) = 2*t**2 - 6*t - 4. Let r be l(5). Let f = r + 4. What is the remainder when 59 is divided by f?
19
Suppose 4*h - 11 = -3. Calculate the remainder when (-1)/3 - 48/(-9) is divided by h.
1
Let m(k) = 2*k + 7 + 5 - 3 - 1. Calculate the remainder when m(8) is divided by 13.
11
Let d = -11 + 13. Calculate the remainder when 0/d + (-217)/(-7) is divided by 16.
15
Let j = 4 - -39. Calculate the remainder when j is divided by 9.
7
Let n(s) = -3*s**3 - 3*s**2 - 2*s - 4. Let a be n(-3). Let d = 79 - a. What is the remainder when d is divided by 13?
10
Let f(b) = -b**2 - 5*b + 5. Let l(i) = 2*i**2 - 7*i + 2. What is the remainder when l(5) is divided by f(-4)?
8
Let b(y) = y**3 + 4*y**2 + y + 46. Calculate the remainder when 90 is divided by b(0).
44
Let n(w) = w + 2. Let u be n(6). Let r = 12 - u. Calculate the remainder when r is divided by 3.
1
Let f = -14 - -19. What is the remainder when 1*12*(-4)/(-6) is divided by f?
3
Let k = -15 - -14. Calculate the remainder when -4 + 6 - 55*k is divided by 15.
12
Let o = -12 - -44. Calculate the remainder when o is divided by 11.
10
Suppose 2*p - 6 = 3*n - 3, 4*p - 13 = -n. Suppose -5*k = 4*z - 19, -z + k - p*k + 4 = 0. Calculate the remainder when 11 is divided by z.
5
Suppose -5*p + 12 = 4*y - 77, -2*y + 37 = -5*p. Suppose -3*t + 3*j = -30, 76 - 14 = 5*t + j. What is the remainder when y is divided by t?
9
Let m = -1 - -5. Suppose m*a = 2*a - 3*z + 8, 0 = -4*a + 3*z + 34. What is the remainder when a is divided by 3?
1
Suppose 3*x = 4*r - 12, -r - 4*r + 12 = -3*x. Suppose r*m = -5*m + 15. Suppose -m*s + 176 = s. Calculate the remainder when s is divided by 15.
14
Suppose -p - 5 = 0, -j - 89 = -3*j - p. Suppose 0 = -v + 4*w + j, -3*v + w - 4*w = -96. Suppose -v + 165 = 5*l. Calculate the remainder when l is divided by 9.
8
Suppose g + 2*y - 17 = 2, -5*g + 115 = 5*y. Calculate the remainder when g is divided by 15.
12
Suppose -4*m = 4*p + 4, -4*m - 10 = 3*p - 5. Let h = -4 - -8. Calculate the remainder when h is divided by ((-3)/(-6))/(p/4).
0
Suppose 10 = p - 5*t - 11, 3*p - 15 = 3*t. Suppose 3*l = -2 - p. Let o = 2 - l. Calculate the remainder when 7 is divided by o.
1
Suppose f + 2 = 4. Suppose 42 = 4*d - f*d - 4*r, -4*r - 87 = -5*d. Suppose -5*k + 2*k - 3 = 0, -4*q = -k - 113. What is the remainder when q is divided by d?
13
Let t(d) = 16*d. Let u be ((-8)/12)/2*-3. Calculate the remainder when 30 is divided by t(u).
14
Suppose 2*p + 5*t = 535, 4*t - 5 - 7 = 0. Suppose 3*f - 146 = r, -p = -5*f + 2*r + 3*r. Let j(d) = -4*d - 4. What is the remainder when f is divided by j(-7)?
23
Let u(g) = -3*g - 15. Let q(w) = -11*w - 1. Let j be q(1). What is the remainder when u(j) is divided by 6?
3
Suppose -2*h = -14 - 44. Suppose w = 4*v - 60, 0 = -v + w - 3*w + 24. Let y = v - 6. What is the remainder when h is